 = m + 7. Let r be x(-6). Let g(t) = 2*t + 4*t + r - 4*t + 0. Calculate g(h).
3
Let g(b) = -3*b - b + 8*b - 8*b. Let s(c) = -c - 2. Let j(p) = 2*p + 3. Let z(x) = 2*j(x) + 3*s(x). Let n(a) = -2*g(a) - 10*z(a). Calculate n(2).
-4
Let w(s) be the third derivative of s**4/12 + 9*s**2. Let g be (9/12)/(6/(-24)). Let l = 2 + g. Calculate w(l).
-2
Let u(d) = d**3 - 7*d**2 - 9*d + 7. Suppose -4*y = 3*v - 15 + 1, 5*v - 2*y = 32. Suppose 5*b - 34 = v. Determine u(b).
-1
Let s(l) = -29*l + 881. Let w be s(30). Let x(n) = -2*n + 6. Calculate x(w).
-16
Let y(d) = -10*d + 4*d + 1 + 8*d - 3*d. What is y(1)?
0
Let j(q) be the second derivative of q**3 + 55*q. Calculate j(1).
6
Let a be 3/(45/(-10))*12. Let t(c) = -c**2 - 11*c - 9. Calculate t(a).
15
Let x(s) = -4*s**3 + s**3 - 6*s**2 + 34*s + 2*s**3 + 36*s - 62*s. Give x(-7).
-7
Let t(o) = -o**3 - o**2 - 2. Let w be t(-2). Let a be 2/w*(1 + -6). Let n(s) = -s**3 - 4*s**2 + 5*s - 5. Calculate n(a).
-5
Suppose 2*h - 4*t - 16 = 0, 0*h + 2*t = -3*h. Suppose h*i = 4*i. Let p(k) = 24 - 23 + i*k + 2*k**2 - 3*k**2 - 2*k. What is p(1)?
-2
Let g(b) be the second derivative of b**4/12 + 5*b**3/6 + 3*b**2/2 + 8*b. Let s = 8 + -5. Let v = s + -6. What is g(v)?
-3
Let h(j) = j - 9. Let m be h(12). Let t be 0/(m + (4 - 8)). Suppose t = 4*o + 2 + 2. Let l(i) = -4*i - 1. Determine l(o).
3
Let g(b) = b - 4. Suppose -10*d - 5*d = -30. Let o be 0/(-7)*(d - 1). Give g(o).
-4
Let w(k) be the second derivative of -k**4/12 - k**3 + k**2/2 - 861*k. Suppose -3*u + 21 = -5*z + 7, -3*z - 16 = 2*u. Let q be (u - (1 - -2))/1. What is w(q)?
6
Let q(o) be the first derivative of o**3/3 - 8*o - 2. Suppose 0 = -7*p + 4*p - 60. Let t = p + 20. Calculate q(t).
-8
Let v = 21 - 15. Let o(k) = k**2 + 5*k + 6. Let s(c) = 1. Let z(i) = v*s(i) - o(i). Let t(j) = j**3 + 24*j**2 + 2*j + 43. Let p be t(-24). Calculate z(p).
0
Suppose -24 = -3*c - 4*u - 3, -u = -3. Let s(k) = -k**2 + k + 4. What is s(c)?
-2
Suppose 2*s + 162 = 4*u, 92 = 2*u + s + 5. Suppose -5*f - f = u. Let t(m) = 2*m + 6. What is t(f)?
-8
Let r(l) = -l - 6. Let m be -17 + 36/(-8)*-2. What is r(m)?
2
Let i(d) = 1139*d - 1 - 1140*d + 7. What is i(12)?
-6
Let b(q) be the first derivative of -q**4/4 - 4*q**3/3 - 2*q**2 + q - 4. Let r(y) = y**2 - 16*y + 52. Let g be r(11). Give b(g).
4
Suppose -4*x + 9 - 1 = 0. Suppose 4*s - 1 = -3*d, -16 = -5*d + 3*s + 5. Let o(m) = -3*m**x + 1 + m - 8 + m**d + 3. Give o(3).
-1
Suppose 3 = d, -1 = -2*m - 3*d + 12. Let n(p) = 5*p**2 - m*p + 2 - 3*p**2 + 0 + 0. Determine n(2).
6
Suppose d = -2*d + 9. Suppose 4*p = 2*i - 8, 2*p - 6 = -d*i + 6. Let m(k) = -7*k + 14. Let q(a) = -a + 1. Let l(s) = m(s) - 6*q(s). Determine l(i).
4
Let r(i) = 7*i - 6. Suppose 81 = -6*h + 45. What is r(h)?
-48
Let f(o) = 13*o - 26. Let t be f(2). Let n(v) = 2*v**3 + v**2 - 6. Calculate n(t).
-6
Suppose -2*u + 8 = -0*u. Let p(i) = -i**2 + 3*i + 3. Let m(n) = 2*n**2 - 6*n - 4. Let w(a) = 4*m(a) + 7*p(a). Calculate w(u).
9
Suppose 9 - 3 = -s. Let i(c) = c**3 + 7*c**2 + 8*c + 2. Let f be i(s). Let u = -15 - f. Let t(l) = l**3 + 6*l**2 + 5*l + 3. What is t(u)?
3
Let p = 112 - 111. Let a(j) = 4*j**3 - 3*j**2 - 5*j + 7. Let i(g) = g**3 - g**2 - g + 1. Let n(l) = p*a(l) - 3*i(l). Determine n(-3).
-17
Let s(j) = -11*j**3 - 6*j**2 + 11*j + 0*j**2 - 4*j**2 + 10*j**3 + 0*j. Calculate s(-11).
0
Let s(k) = -k**2 - 10*k - 14. Suppose 5*p + 29 = -3*g, 4*g = 4*p - 27 - 1. Let i be s(g). Let u(f) = 0 + f + 6 - 2 - i + f**2. Determine u(0).
2
Let l be (14/(-21))/(3/45). Let j(a) = a + 22. Let x(k) = k + 23. Let g(t) = 5*j(t) - 4*x(t). What is g(l)?
8
Let v(n) = n**2 + 11*n + 27. Let b be v(-4). Let k(g) = 8*g. Give k(b).
-8
Let v be -16 - (-3)/(-9)*3. Let s = -18 - v. Let n(r) = -5*r**2 + 2*r**2 + 10*r**3 + 5*r**2 - 1. What is n(s)?
-9
Let h = 1153 - 1148. Let a(y) = -6*y**3 + 5*y**2 - 7*y + 1. Let f(k) = -k**3 - k - 1. Let s(q) = a(q) - 5*f(q). What is s(h)?
-4
Let u(l) = 3*l - 88*l**2 - l - 98*l**2 - 99*l**2 + 3 + 265*l**2. Give u(-1).
-19
Let a(y) = -y**2 + 5*y + 1. Let o(l) = -2*l**2 + l. Let c(d) = -a(d) + o(d). Give c(-6).
-13
Let k(a) = -2*a**3 + 9*a**2 + 10*a - 25. Let j(w) = -w**3 + 4*w**2 + 6*w - 13. Let t(b) = -7*j(b) + 4*k(b). Determine t(7).
26
Let n(z) = 2*z**2 + 2*z - 2. Let x(p) = 5*p + 1. Let w be x(-1). Suppose 8 - 2 = -2*l. Let g be 3 + ((-12)/l)/w. Determine n(g).
10
Let o = 55 + -56. Let b(u) = 9*u**3 + u. Give b(o).
-10
Let q(b) = -18*b**2. Let p be (-11)/33*(6 + -3). Calculate q(p).
-18
Let x(t) = 2*t + 61. Let p be x(-20). Let q = p - 22. Let a(m) = 3*m**2 + 1. What is a(q)?
4
Let i be 3*1 - (4 + -5). Let v be 2*3*i/24. Let r(s) = 4 + v + 2 - s. Calculate r(3).
4
Suppose 2*a = 6*a + 8. Let h(n) = 292*n**2 + 205*n**2 - 498*n**2 + 2. Calculate h(a).
-2
Let n(m) = -m**3 + m**2 - m - 2. Let t(x) = -x**3 - x**2 + 5*x - 2. Let k be t(3). Let y(h) = 9*h**2 + 9*h + 3. Let u be y(-2). Let j = k + u. Determine n(j).
12
Let s(o) = -o**2 + 11*o + 5. Suppose 9*r - 168 = -5*r. Determine s(r).
-7
Let d(p) = -p**3 - 4*p**2 + 5*p + 6. Let v be d(-5). Let y(b) = -3*b + 15. What is y(v)?
-3
Let b(t) be the first derivative of -1/2*t**3 - 1/20*t**5 + 7*t + 5/12*t**4 + 1 - t**2. Let w(f) be the first derivative of b(f). What is w(4)?
2
Let t(p) be the third derivative of -p**6/120 - p**5/12 + p**4/12 - 5*p**3/6 + 88*p**2. Give t(-4).
-29
Let q be (-4)/(-12) + 468/54. Let t(s) = -s**3 + 8*s**2 + 8*s + 9. Determine t(q).
0
Let n(h) = h - 14 + 18 - 5. Let j(v) = 3*v + 8. Let a(i) = j(i) - 4*n(i). Determine a(0).
12
Let z(l) = -l**3 + l**2 - l + 12. Let x be z(0). Let y(a) = a**2 - 10*a - 24. Calculate y(x).
0
Let i(k) = k**2 + 14*k - 8. Let v(g) = 2*g**2 + 28*g - 15. Let a(n) = -5*i(n) + 3*v(n). What is a(-15)?
10
Let m(o) = -5*o + 22. Let j(a) = 2*a - 7. Let p(l) = 8*j(l) + 3*m(l). What is p(-5)?
5
Suppose 0*g - 35 = 5*g. Let o = -1 + g. Let x(v) = 6*v + 8. Let c(k) = k + 1. Let t(r) = o*c(r) + x(r). What is t(-2)?
4
Let q(x) = 2*x - 3. Let m be (28/(-12))/((-2)/(-6)). Let d = -12 - m. Calculate q(d).
-13
Let u(a) = a**3 + 6*a**2 - 5*a. Suppose -x + 7*h = 11*h - 14, -x = -h + 1. Let i(l) = -2*l**3 - 6*l**2 + 5*l - 2. Let d(m) = x*i(m) + 3*u(m). Give d(5).
-4
Let q = -1 - -6. Suppose -q*c = 3*k - 27, -3*c - 2*k = -8 - 9. Suppose c*t + 12 = -0*i - 5*i, -i - 16 = 4*t. Let b(a) = -a**3 + a**2 - a - 10. What is b(i)?
-10
Let f = -1 - -4. Let b(d) = 2*d - d**3 + 4 - 2*d**f + 2*d**3 - 1 - 3*d**2. Suppose -9*g = -15*g - 18. Determine b(g).
-3
Let i(v) = -91*v + 32. Let f be i(-24). Let b(m) = -f + m + 2211 + m**3 - 2*m + 7*m**2. Give b(-7).
2
Suppose -7*j + 97 - 55 = 0. Let l(g) = -4 + 8*g - 4*g**2 + 3*g**2 + 4 - 8. What is l(j)?
4
Let t(j) be the third derivative of j**6/90 + j**5/30 + 7*j**4/12 + 24*j**2. Let c(g) be the second derivative of t(g). Determine c(-3).
-20
Let w(j) = -5*j - 5 - j + 4*j + 7 + 11. What is w(0)?
13
Let l(p) = -36*p + 11. Let a(w) = -13*w + 4. Let n(z) = 11*a(z) - 4*l(z). Let r be (3/6)/((-1)/16). Calculate n(r).
-8
Let l(u) = -2 + 2*u**2 - 2*u + 2*u**2 + 2*u**2. Let c be l(-1). Let f = c + 1. Let k(b) = -b**2 + 6*b + 9. Give k(f).
2
Let m(o) = 2*o + 18. Let z be m(-6). Let v(x) = 2*x - 14. Let s be v(z). Let p(a) = a**3 + a**2 - a + 2. What is p(s)?
0
Let u(k) = k**3 + 8*k**2 - 16*k - 11. Suppose 2*t + 6*l + 20 = 2*l, 2*l = 0. Determine u(t).
-51
Let w(f) = -f**3 - f**2 + f - 2. Let r(z) = -3*z**3 + 9*z**2 - 10*z + 4. Let c(l) = r(l) - 4*w(l). Give c(-14).
12
Let j(p) be the first derivative of 6*p - 5/2*p**2 + 1/3*p**3 + 11. What is j(5)?
6
Let o be (80/(-12))/((-1)/(-3)). Let p be (-414)/(-22) - (-12)/66. Let c = o + p. Let d(m) = 14*m**2 + 2*m + 1. What is d(c)?
13
Let p(s) be the third derivative of s**6/120 - s**5/60 + s**4/12 - 2*s**3/3 - 3*s**2 - s. Determine p(2).
4
Suppose 0 = 17*y - 22*y. Let s(u) = u**3 - u**2 + 1. Give s(y).
1
Suppose -6*i + 10*i - 44 = 0. Let z = 14 - i. Let v(m) = m**2 - 4*m. Calculate v(z).
-3
Suppose -3*a + x = 3*x - 22, 5*a = x + 28. Let y(g) = 17*g**3 + 19*g**3 + 0 - 4*g - a - 37*g**3 - 5*g**2. Determine y(-4).
-6
Let b be (-1)/(-3) + (-2)/(-3). Let v(n) be the first derivative of 5*n**3/3 - n**2/2 + n - 21. Give v(b).
5
Let k(a) = -a - 2. Let n be k(-2). Let t(x) = n*x**3 + 2*x**3 + 0*x - 5*x**2 + 3*x - x**3. What is t(4)?
-4
Let q(s) be 